i be (-620)/(-28) + 2/(-14). Let j = i + 4. What are the prime factors of j - 1 - (-11 - -8)?
2, 7
Suppose 0 = -30*g + 89201 - 13181. List the prime factors of g.
2, 7, 181
Let i(u) be the first derivative of 5*u**2 + 32*u - 56. What are the prime factors of i(10)?
2, 3, 11
Suppose -w - 2*b + 2 = -b, 0 = 3*w - b - 14. Let i be (-2)/w + 2094/(-12). Let j = i - -258. List the prime factors of j.
83
Let g(f) = 7*f - 61. Let t be g(9). Suppose -t*l = -4*m - 64, -3*m - 8 + 30 = l. Suppose 2*i = -0*i + l. What are the prime factors of i?
2, 7
Suppose -m + z - 23 = 0, 2*m - 2*z + 7*z = -53. What are the prime factors of ((48/6)/m)/((-2)/1338)?
223
Suppose 6298*i - 6316*i = -948582. List the prime factors of i.
151, 349
Let p(f) = -f**3 + 11*f**2 - 16*f - 6. Let z be p(9). Suppose -z + 0 = 2*b. Let g(k) = 5*k**2 - 11*k - 13. What are the prime factors of g(b)?
233
Suppose 7*u + 57255 = 22*u. Suppose u = 15*r - 19148. What are the prime factors of r?
1531
Let s = 2652 - -601. What are the prime factors of s?
3253
What are the prime factors of 972504/52 + (-3 - (4 - 0))?
5, 3739
Let q be (5 - (-13782)/6)*(-3)/6. Let a = q - -1979. What are the prime factors of a?
2, 3, 23
Let h = 21803 + 19980. List the prime factors of h.
7, 47, 127
Let k(x) = 6*x**3 - 4*x + 19 - 3*x**3 - 10*x**2 - x**3. List the prime factors of k(8).
7, 53
Let u(q) = 640*q + 862. What are the prime factors of u(6)?
2, 2351
Let s(x) = -837*x - 4. List the prime factors of s(-5).
37, 113
Suppose 19*l + 1805 = 11628. Let j = l - 275. List the prime factors of j.
2, 11
Let o be 48/36*(-9)/(-6). What are the prime factors of 3 + o + (155 - 4)?
2, 3, 13
Suppose 4*b + 1948 = 2*b. Let v = b + 1549. List the prime factors of v.
5, 23
Suppose 0 = 4*o + 5*v - 573 - 102, -4*v = -2*o + 318. List the prime factors of (-7 - (4 - 2))/((-3)/o).
3, 5, 11
Suppose 5*w + 53 = -2. List the prime factors of -6 + 33186/66 - 2/w.
7, 71
Let i = -59 - -62. Suppose -1604 = -2*o + 5*b, -i*b - 175 = o - 977. What are the prime factors of o?
2, 401
Let c = 7604 + -4434. What are the prime factors of c?
2, 5, 317
Suppose 3*m - 9 = 0, 4*m = 36*h - 35*h - 25467. List the prime factors of h.
3, 19, 149
Let n(m) = 134*m**3 + m**2 + 4*m - 2. Let q be n(2). Suppose -6 = -3*u - 18, 0 = -5*l + 3*u + q. What are the prime factors of l?
2, 107
Suppose -5*c = 4*c - 18. Suppose c*k + 3*k = -4*u + 15, -k = 1. Suppose -u*l = -2*i + 118, 177 = -i + 4*i - 4*l. List the prime factors of i.
59
Let q = 38461 + -4875. List the prime factors of q.
2, 7, 2399
Suppose 2*s - 15980 = -4*j + 15930, 4*s - 39880 = -5*j. What are the prime factors of j?
2, 3, 5, 7, 19
Let c(h) be the first derivative of 17*h**2/2 - 3*h + 13. Let d be c(3). Suppose -o = w - d, -o - 3*o - 5*w + 196 = 0. List the prime factors of o.
2, 11
Let k(o) = -o**3 + 27*o**2 + 23*o + 14. Let x be k(16). Suppose 3*p = 3*r - x, -3198 = -3*r - 4*p - p. What are the prime factors of r?
2, 13, 41
Suppose 189 + 51 = 3*p. Suppose 88*a = p*a + 8792. What are the prime factors of a?
7, 157
Suppose 0 = 9*w + 470 + 745. Let r = 266 + w. List the prime factors of r.
131
Let y(b) be the first derivative of b**4/4 + 2*b**3 - 5*b**2/2 + 18*b - 21. Let h be y(-7). Suppose 8*r - 756 = -h*r. List the prime factors of r.
3, 7
Let j(i) = 301*i - 3034. List the prime factors of j(50).
2, 751
Suppose -3*v + 4*i + 12429 = 2427, 2*v - 6648 = -4*i. List the prime factors of v.
2, 3, 5, 37
Let g be ((-50)/20)/((-40)/112). What are the prime factors of (g - -3)*(-505)/(-5)?
2, 5, 101
Let x(v) = 30*v**2 + 41*v - 480. What are the prime factors of x(13)?
47, 109
Let d(r) = -r - 1. Let v(g) = -23*g - 272. Let l(a) = -6*d(a) + v(a). What are the prime factors of l(-30)?
2, 61
Suppose -3*c - 552*n + 556*n + 75480 = 0, 3*n + 50322 = 2*c. What are the prime factors of c?
2, 3, 131
Let p(f) = f**2 + 12*f + 33. Let y be p(-7). Let k(i) = -129*i**3 + 6*i**2 - 2. What are the prime factors of k(y)?
2, 17, 31
Let x = 72 - 54. What are the prime factors of x/45*(1516 + -1 + 0)?
2, 3, 101
List the prime factors of 8/(24/(-9)) - 9004/(-4).
2, 281
Suppose -22*j + 16*j + 24 = 0. What are the prime factors of 5 - ((-8)/12)/(j/3342)?
2, 281
Let b(p) = -p**3 + 7*p**2 - 7*p + 9. Let m be b(4). Let d = m + 17. Suppose -68 = -z - 4*s, s = z - 7 - d. What are the prime factors of z?
2, 7
Suppose 4*r - 5*i = 25721, -r + 69*i + 6444 = 65*i. List the prime factors of r.
2, 11, 73
Let j(p) = -2*p - 16. Let c be j(3). Let a be 55/10*c + 1. Let w = a - -274. What are the prime factors of w?
2, 7, 11
Let g(c) = -6*c + 9. Let o(i) = 2*i - 3. Let p(z) = 6*g(z) + 17*o(z). Let y be p(1). Suppose -k + 13 + y = 0. List the prime factors of k.
2, 7
Suppose 611 = 12*g + g. Suppose -233 = 2*l - 19. Let h = g - l. What are the prime factors of h?
2, 7, 11
Suppose 388271 - 1706943 = -73*r. List the prime factors of r.
2, 1129
Let w be 137733/(-155) + 4/(-10). List the prime factors of (-2)/24*3 + w/(-4).
2, 3, 37
Let q(d) = 111*d**2 - 2*d - 1. Let r be (8/4)/4*0. Suppose -g + r + 3 = 2*m, -3*g + 13 = 2*m. What are the prime factors of q(m)?
2, 7
Let n = 14105 + -8200. What are the prime factors of n?
5, 1181
Let t be (-1)/4*(9 - 21). Suppose -4*z - 1640 = -t*r, 2*z + 4477 - 1753 = 5*r. List the prime factors of r.
2, 17
Suppose 3*u + 4*j - 151 = 0, -5*u + 20*j - 23*j + 237 = 0. List the prime factors of u.
3, 5
Let r = 88 + -2. Let k = -84 + r. List the prime factors of (k/3)/(6/1539).
3, 19
Let c(a) = -19245*a - 746. List the prime factors of c(-2).
2, 7, 337
Let k be (-59 + -4)*(-4 - 1). Let p = -244 - -81. Let m = p + k. What are the prime factors of m?
2, 19
Suppose -6 = 3*a, -2*l + 5943 = 2*a - 1349. What are the prime factors of l?
2, 3, 19
Let k(n) = 2*n**2 - 5*n - 67. Let b be k(19). Suppose c - b + 110 = 0. What are the prime factors of c?
2, 3, 5
Let c(l) = -34*l + 4. Let z = -44 - -41. Let p be c(z). Let b = p - 65. What are the prime factors of b?
41
Let s be 238/5 - 6/(-15). Suppose -8*n = -4*n + s. List the prime factors of (52/3)/(n/(-18)).
2, 13
Suppose -5*n + 2*o + 35 = 0, -n + 40 = 4*n - 3*o. Suppose n*x - 71 = -3*p + 821, -899 = -5*x + 4*p. Let d = x - 96. What are the prime factors of d?
83
Let f(b) = -b**2 + 80 + 3*b**3 + 2*b**3 + 2*b**3 - 2*b**3 - 11*b. What are the prime factors of f(5)?
5
Let r = 2524 - 2068. List the prime factors of r.
2, 3, 19
List the prime factors of (3110 - -31)/(7/21).
3, 349
Suppose 46*x - 2*m = 45*x + 8147, -x - 2*m = -8155. List the prime factors of x.
3, 11, 13, 19
Suppose 0 = -2*l - 3*z + 5461 + 20398, 3*z + 9 = 0. What are the prime factors of l?
2, 29, 223
Let k(z) = -61*z + 76. Let q be k(4). Let s = -104 - q. List the prime factors of s.
2
Let l = -300 + 301. List the prime factors of (18/20 - l) + 266472/720.
2, 5, 37
Let u be (2/2)/(4/60). Suppose 11*n - u*n = -3548. What are the prime factors of n?
887
Let f(h) = -h**2 + 9*h - 17. Let x be f(6). Suppose 2*z - 1 + x = 0. Suppose z = -0*w + 4*w - 20, -5*w - 64 = -j. What are the prime factors of j?
89
Let j(x) = 930*x - 720. List the prime factors of j(10).
2, 3, 5, 11, 13
Let g = 1409 + -660. Let q = -449 + g. What are the prime factors of q?
2, 3, 5
Let l = 47 + -43. Let m(i) = 3*i + 4*i - 2*i - l. List the prime factors of m(8).
2, 3
What are the prime factors of ((-1869)/(-2) + 8 - 4 - -5)*24?
2, 3, 17, 37
Suppose 23 - 4 = 5*d + v, 0 = -2*v - 2. Let g be (-1)/(-2) + d/((-40)/255). List the prime factors of ((-240)/g)/((-1)/(-20)).
2, 3
Let n(r) be the second derivative of 11*r + 2 - 11*r**2 + 0 - 2 - r**3. List the prime factors of n(-6).
2, 7
Let x(n) = n**2 - 5*n - 30. Let i be x(-5). Suppose -2*v = 2*r - 932, 2*v = -2*v - i. What are the prime factors of r?
3, 157
Suppose -2*o = -42 - 24. Suppose -19 = -2*m - o. What are the prime factors of ((-21)/(-6))/m - 549/(-6)?
7, 13
Let i(c) = -c**3 + 18*c**2 - 57*c - 56. List the prime factors of i(10).
2, 3, 29
What are the prime factors of 91664/11 + (-1992)/1826?
2, 2083
Let n = -606 + 608. Suppose -5*u = -4*b - 5277, -n*b + 5259 = -u + 6*u. List the prime factors of u.
3, 13
Suppose 5*j = 3*i - 119, -13 = j + 4*i - 3. Let c = 105 - j. Suppose -5*m + c + 293 = 0. What are the prime factors of m?
2, 3, 7
Suppose -4*n - 2*k + 48828 = 0, -3*n + 36627 = -2*k + 5*k. What are the pr